-2 = 2*u, -5*o + u = -c + 35. Calculate the highest common factor of 11 and o.
11
Suppose 72 = 4*g + 4*i, -2*g - 3 = i - 37. Calculate the highest common factor of 2 and g.
2
Suppose 0 = 4*p + t - 3*t - 218, 2*p - 89 = -3*t. Suppose 2*f + p = -2*f. Let j = 24 + f. What is the greatest common divisor of j and 1?
1
Let v(f) = -f**2 - 7*f - 6. Let g be v(-5). Suppose 52 - g = 4*u. Let w be 2/(-8) + 4 + 1/4. What is the greatest common factor of w and u?
4
Suppose 2*u = -5*z - 5 - 5, 3*z + u = -7. Let q = z + 12. Let p be 0 - (-2 + 2 + -2). Calculate the greatest common divisor of p and q.
2
Let n be (11/(-2))/(3/(-6)). Suppose -k + 6*y + 29 = y, k = -3*y - n. Calculate the highest common divisor of k and 6.
2
Let v = 105 + -68. Suppose -v = -4*t - 5. Let d be (-4)/((-3)/24*1). Calculate the greatest common divisor of d and t.
8
Let v(i) = -82*i**2 - i + 3. Let b(w) = 81*w**2 + 2*w - 4. Let r(y) = -2*b(y) - 3*v(y). Let k be r(-1). Calculate the greatest common factor of k and 12.
12
Suppose 4*k - 201 + 9 = 0. Calculate the highest common factor of k and 72.
24
Let p = 39 - 30. What is the highest common factor of 3 and p?
3
Suppose 5*c + 4*y - 181 = 31, -92 = -2*c + 2*y. What is the greatest common divisor of c and 11?
11
Let v be 2/7 - 636/(-28) - -4. What is the greatest common factor of 3 and v?
3
Suppose -53*c = -51*c - 28. Calculate the greatest common factor of c and 49.
7
Let j be -3 + (2 - 0) + -2. Let r be 1/j + 636/18. Calculate the highest common divisor of r and 5.
5
Let m = 367 + -169. Calculate the highest common factor of m and 18.
18
Let u(d) = 4*d**3 + 2*d**2 + d + 3. Let k be u(3). Calculate the highest common divisor of k and 12.
12
Let p be 4*(19/4 - 3). What is the highest common divisor of 7 and p?
7
Let s be 12/16 + 634/8. Suppose 0 = 3*o - 8*o - s. Let b = 24 + o. Calculate the greatest common factor of b and 4.
4
Suppose -2*o = 4*c - 14, -5*c = -3*c - 10. Let m be 37/3 - o/(-9). What is the greatest common divisor of m and 18?
6
Let l be 36/1*(-24 - -25). What is the greatest common factor of l and 156?
12
Let h(m) = 2*m**2 - m**2 + 1 + 3*m**2. Let g be h(2). Let f = g + -8. What is the highest common divisor of f and 99?
9
Let b be (-30)/(-3)*(9 - 1). Suppose 2*j - 28 = -3*w + 2, -j - 20 = -2*w. What is the greatest common divisor of b and w?
10
Let p be (-1 - -1)/(10/5). Suppose -4*a + 2*a - 3*x - 2 = p, x - 16 = -4*a. Suppose -a*n = -2*n - 216. What is the highest common factor of 9 and n?
9
Suppose 12 = 4*t + 3*w + 53, -3*w = -3*t - 15. Let s be 4*36 - (12 + t). Calculate the greatest common factor of 28 and s.
28
Suppose -3*w + w + 216 = 0. Let i be (1 + (1 - 1))/1. Suppose -q + i + 11 = 0. Calculate the greatest common divisor of q and w.
12
Let j = 4 + -1. Let p be 36*(-1)/(12/(-9)). Suppose 0*o + o = p. Calculate the highest common factor of o and j.
3
Let w(a) = 3*a - 6. Let n be w(5). Calculate the greatest common factor of n and 6.
3
Let z be (-256)/(-10) + 2/5. Suppose -5*r - 8 = 2*t - 30, -4*t - r + z = 0. Suppose d = -2*d + t. Calculate the highest common factor of 1 and d.
1
Let f(k) = k**3 - 8*k**2 - 9*k + 5. Let z be f(9). Suppose -3*g + 116 = 3*w - 4*g, 0 = -5*g + z. What is the highest common factor of w and 26?
13
Let u(x) = 17*x - 4. Let w be u(2). Calculate the highest common factor of w and 75.
15
Suppose -u = -2*d - 22, u - 32 = -u - 2*d. Let o be 69/6 - (-1)/2. Calculate the greatest common factor of u and o.
6
Let h = 4 + -4. Suppose h = -4*l + 48 + 8. What is the highest common divisor of l and 42?
14
Suppose y + 0*y + 2*f - 47 = 0, 4*y + 3*f - 168 = 0. Let n be 6/(-4) - 71/2. Let p = n + 63. What is the highest common factor of y and p?
13
Let x = -11 + 15. Suppose 5*y - 20 = 0, 2*l = -l - x*y + 49. Let p(j) = -j**3 + 2*j**2 + j - 1. Let v be p(1). What is the greatest common factor of v and l?
1
Suppose -3*m - 5*v - 3 = -2*m, 5*m = 4*v + 43. Suppose -519 = -4*b - m. Let q(a) = 4*a - 8. Let z be q(6). What is the highest common divisor of z and b?
16
Let h be 1/(-2*1/(-8)). Let i be 6/(h/(40/3)). Let v be -1 - 1/((-2)/i). Calculate the greatest common divisor of v and 81.
9
Let x = -24 + 27. Suppose -18 = x*l - 72. Calculate the greatest common divisor of 6 and l.
6
Let h = -201 - -291. Calculate the greatest common divisor of 36 and h.
18
Let a = -2 + 4. Suppose -4*g + a*g = -32. Suppose -n - n = -g. What is the highest common divisor of n and 2?
2
Suppose -5*b - 22 + 30 = -3*r, 0 = -5*b - 3*r + 32. Let n = 8 - 6. Calculate the highest common factor of n and b.
2
Suppose 5*a + 12 = 7*a. What is the greatest common factor of 18 and a?
6
Suppose m = z + 27, -2*z + 163 = 4*m + m. Calculate the greatest common divisor of m and 279.
31
Let h be (-16)/20*(-570)/12. What is the highest common divisor of 19 and h?
19
Let l(h) = 3*h - 1. Let a be l(-1). Let r = 3 - a. What is the highest common factor of r and 21?
7
Let q(m) = 2*m + 2. Let x be q(8). Let v = 86 - 59. What is the highest common factor of v and x?
9
Suppose -4*y + 25 = -7. Calculate the highest common divisor of y and 16.
8
Let b(v) = -v**3 - v - 3. Let i be b(-3). Calculate the highest common factor of 9 and i.
9
Suppose 3*a - 47 - 55 = 0. Let g be (-2)/8 - (-682)/8. What is the highest common factor of a and g?
17
Let d(a) = -a**2 - 24*a - 30. Let i be d(-20). Calculate the greatest common divisor of 10 and i.
10
Let q be (-3)/2 - (-10)/4. Let j be (-316)/(-16) - q/(-4). What is the highest common divisor of j and 5?
5
Suppose 12*v = 8*v + 56. What is the greatest common divisor of v and 154?
14
Let k = 230 + -152. Let m = k - 38. Suppose -15*t = -10*t - 50. What is the highest common factor of t and m?
10
Let k be (-6 - 0) + 18/9. Let b be (k - 91)*1/(-5). Calculate the greatest common factor of 38 and b.
19
Let q(v) = v**3 - v**2 - 2*v + 6. Let d be q(5). Calculate the highest common divisor of 12 and d.
12
Let f(r) = -6*r + 12. Let l be f(-7). Calculate the greatest common divisor of l and 27.
27
Let k be -1 - (0 - -72)/(-2). Let x = k - 11. What is the greatest common factor of x and 4?
4
Suppose 2*m + 1 = z, 2*m + 3*m - 29 = -2*z. Let l(p) = p**2 - 5. Let v be l(z). What is the highest common divisor of v and 4?
4
Let x = 150 + -62. Let c(u) = u**3 - 7*u**2 - 8*u - 3. Let f be c(8). Let a be (-2)/4*-10 - f. What is the highest common factor of x and a?
8
Let m(r) = 8*r**2 - 1 - 2*r + 5*r + 3. Let i(f) = 3*f**2 + f + 1. Let b(n) = 11*i(n) - 4*m(n). Let j be b(4). What is the greatest common divisor of j and 30?
15
Suppose 0*h - 3*h + 84 = 0. Let p be (-16)/(-6)*6/4. Suppose -3*g = -p*g + 7. Calculate the greatest common divisor of h and g.
7
Suppose 3*l - 4*h = 7*l - 528, -528 = -4*l - 2*h. What is the greatest common divisor of l and 12?
12
Let d be ((-85)/(-10))/((-1)/(-2)). What is the highest common factor of 34 and d?
17
Let z(n) = -7*n - 2. Let t be z(-2). Let j(m) = m**2 - 11*m - 9. Let a be j(12). What is the highest common factor of a and t?
3
Let c be ((-10)/(-4))/((-9)/(-378)). Let n be (2/(-6)*0)/(-3). Suppose n*d - 30 = -2*d. Calculate the highest common factor of d and c.
15
Suppose a = -0 + 1. Let j(p) = 52*p**3 - 2*p**2 + 1. Let l be j(a). What is the highest common divisor of l and 17?
17
Let b be (-2)/3 - (-92)/3. Let m be -1*(-3)/(-6)*0. Suppose -3*w = -m*u + 2*u - 24, 3*u = -4*w + 31. What is the greatest common factor of w and b?
10
Suppose 7 = 2*f + 3. Suppose -3*l + 25 = f*l. Let s = l - 4. What is the greatest common factor of 5 and s?
1
Suppose 0 = -2*p - 246 + 846. What is the highest common factor of 30 and p?
30
Let m = -281 + 587. What is the highest common divisor of m and 51?
51
Suppose -3*f = -4*z - z + 93, 92 = 5*z - 2*f. What is the highest common divisor of 6 and z?
6
Let j be (-1 + 0)*(5 + -6). What is the greatest common divisor of 1 and j?
1
Suppose 0*v - 40 = -2*v. Let m be 1/2*(0 + 20). Calculate the greatest common factor of m and v.
10
Suppose y - 64 = -5*r + 3*y, y = 2*r - 26. Let z be 4/6 - (-46)/(-6). Let h(l) = l**2 - l + 4. Let c be h(z). Calculate the highest common divisor of r and c.
12
Suppose 2 = c - 1. Let x(o) = -o**2 + 15*o - 35. Let p be x(12). Calculate the greatest common factor of c and p.
1
Let l be 2/(-12) - 76/(-24). Let b be (-4)/l*(-9)/2. Suppose -w + 54 = 2*x + 3*